{"version":"1.0","provider_name":"La Tempesta \u2013 Digital for culture","provider_url":"https:\/\/latempesta.cc\/en\/","title":"Gala-Salvador Dal\u00ed Foundation Digital Strategy Plan","type":"rich","width":600,"height":338,"html":"<blockquote class=\"wp-embedded-content\" data-secret=\"ot0GAy1G3I\"><a href=\"https:\/\/latempesta.cc\/en\/projecte\/gala-salvador-dali-foundation-digital-strategy-plan\/\">Gala-Salvador Dal\u00ed Foundation Digital Strategy Plan<\/a><\/blockquote><iframe sandbox=\"allow-scripts\" security=\"restricted\" src=\"https:\/\/latempesta.cc\/en\/projecte\/gala-salvador-dali-foundation-digital-strategy-plan\/embed\/#?secret=ot0GAy1G3I\" width=\"600\" height=\"338\" title=\"&#8220;Gala-Salvador Dal\u00ed Foundation Digital Strategy Plan&#8221; &#8212; La Tempesta \u2013 Digital for culture\" data-secret=\"ot0GAy1G3I\" frameborder=\"0\" marginwidth=\"0\" marginheight=\"0\" scrolling=\"no\" class=\"wp-embedded-content\"><\/iframe><script>\n\/*! This file is auto-generated *\/\n!function(d,l){\"use strict\";l.querySelector&&d.addEventListener&&\"undefined\"!=typeof URL&&(d.wp=d.wp||{},d.wp.receiveEmbedMessage||(d.wp.receiveEmbedMessage=function(e){var t=e.data;if((t||t.secret||t.message||t.value)&&!\/[^a-zA-Z0-9]\/.test(t.secret)){for(var s,r,n,a=l.querySelectorAll('iframe[data-secret=\"'+t.secret+'\"]'),o=l.querySelectorAll('blockquote[data-secret=\"'+t.secret+'\"]'),c=new RegExp(\"^https?:$\",\"i\"),i=0;i<o.length;i++)o[i].style.display=\"none\";for(i=0;i<a.length;i++)s=a[i],e.source===s.contentWindow&&(s.removeAttribute(\"style\"),\"height\"===t.message?(1e3<(r=parseInt(t.value,10))?r=1e3:~~r<200&&(r=200),s.height=r):\"link\"===t.message&&(r=new URL(s.getAttribute(\"src\")),n=new URL(t.value),c.test(n.protocol))&&n.host===r.host&&l.activeElement===s&&(d.top.location.href=t.value))}},d.addEventListener(\"message\",d.wp.receiveEmbedMessage,!1),l.addEventListener(\"DOMContentLoaded\",function(){for(var e,t,s=l.querySelectorAll(\"iframe.wp-embedded-content\"),r=0;r<s.length;r++)(t=(e=s[r]).getAttribute(\"data-secret\"))||(t=Math.random().toString(36).substring(2,12),e.src+=\"#?secret=\"+t,e.setAttribute(\"data-secret\",t)),e.contentWindow.postMessage({message:\"ready\",secret:t},\"*\")},!1)))}(window,document);\n\/\/# sourceURL=https:\/\/latempesta.cc\/wp-includes\/js\/wp-embed.min.js\n<\/script>\n","thumbnail_url":"https:\/\/latempesta.cc\/wp-content\/uploads\/2024\/07\/IMG_1471.jpg","thumbnail_width":2560,"thumbnail_height":1920,"description":"Promoting the legacy of Salvador Dal\u00ed and Gala in the digital world Collaboration between the Gala-Salvador Dal\u00ed Foundation and La Tempesta to project the legacy of Salvador Dal\u00ed and Gala in the digital world, which is constantly evolving. Starting with the new design of the institutional website and an ecosystem of contents that includes the..."}

Gala-Salvador Dalí Foundation Digital Strategy Plan

<blockquote class="wp-embedded-content" data-secret="ot0GAy1G3I"><a href="https://latempesta.cc/en/projecte/gala-salvador-dali-foundation-digital-strategy-plan/">Gala-Salvador Dalí Foundation Digital Strategy Plan</a></blockquote><iframe sandbox="allow-scripts" security="restricted" src="https://latempesta.cc/en/projecte/gala-salvador-dali-foundation-digital-strategy-plan/embed/#?secret=ot0GAy1G3I" width="600" height="338" title="&#8220;Gala-Salvador Dalí Foundation Digital Strategy Plan&#8221; &#8212; La Tempesta – Digital for culture" data-secret="ot0GAy1G3I" frameborder="0" marginwidth="0" marginheight="0" scrolling="no" class="wp-embedded-content"></iframe><script>
/*! This file is auto-generated */
!function(d,l){"use strict";l.querySelector&&d.addEventListener&&"undefined"!=typeof URL&&(d.wp=d.wp||{},d.wp.receiveEmbedMessage||(d.wp.receiveEmbedMessage=function(e){var t=e.data;if((t||t.secret||t.message||t.value)&&!/[^a-zA-Z0-9]/.test(t.secret)){for(var s,r,n,a=l.querySelectorAll('iframe[data-secret="'+t.secret+'"]'),o=l.querySelectorAll('blockquote[data-secret="'+t.secret+'"]'),c=new RegExp("^https?:$","i"),i=0;i<o.length;i++)o[i].style.display="none";for(i=0;i<a.length;i++)s=a[i],e.source===s.contentWindow&&(s.removeAttribute("style"),"height"===t.message?(1e3<(r=parseInt(t.value,10))?r=1e3:~~r<200&&(r=200),s.height=r):"link"===t.message&&(r=new URL(s.getAttribute("src")),n=new URL(t.value),c.test(n.protocol))&&n.host===r.host&&l.activeElement===s&&(d.top.location.href=t.value))}},d.addEventListener("message",d.wp.receiveEmbedMessage,!1),l.addEventListener("DOMContentLoaded",function(){for(var e,t,s=l.querySelectorAll("iframe.wp-embedded-content"),r=0;r<s.length;r++)(t=(e=s[r]).getAttribute("data-secret"))||(t=Math.random().toString(36).substring(2,12),e.src+="#?secret="+t,e.setAttribute("data-secret",t)),e.contentWindow.postMessage({message:"ready",secret:t},"*")},!1)))}(window,document);
//# sourceURL=https://latempesta.cc/wp-includes/js/wp-embed.min.js
</script>

Promoting the legacy of Salvador Dalí and Gala in the digital world Collaboration between the Gala-Salvador Dalí Foundation and La Tempesta to project the legacy of Salvador Dalí and Gala in the digital world, which is constantly evolving. Starting with the new design of the institutional website and an ecosystem of contents that includes the...
